{"id":325,"date":"2026-01-07T13:52:20","date_gmt":"2026-01-07T11:52:20","guid":{"rendered":"https:\/\/juristenbibliothek-leipzig.de\/?page_id=325"},"modified":"2026-01-07T18:02:22","modified_gmt":"2026-01-07T16:02:22","slug":"projektverwaltung-und-mittelverwendung","status":"publish","type":"page","link":"https:\/\/juristenbibliothek-leipzig.de\/?page_id=325","title":{"rendered":"Mittelverwendung"},"content":{"rendered":"\n<h2 class=\"wp-block-heading\">Mittelverwendung im Jahr 2025<\/h2>\n\n\n\n<p><\/p>\n\n\n\n<figure data-carousel-extra='{\"blog_id\":1,\"permalink\":\"https:\\\/\\\/juristenbibliothek-leipzig.de\\\/?page_id=325\"}'   class=\"wp-block-gallery has-nested-images columns-default is-cropped wp-block-gallery-1 is-layout-flex wp-block-gallery-is-layout-flex\">\n<figure class=\"wp-block-image size-full is-style-default\"><a href=\"https:\/\/i0.wp.com\/juristenbibliothek-leipzig.de\/wp-content\/uploads\/2026\/01\/DSC04940-scaled.jpg?ssl=1\"><img loading=\"lazy\" decoding=\"async\" width=\"900\" height=\"600\" data-attachment-id=\"332\" data-permalink=\"https:\/\/juristenbibliothek-leipzig.de\/?attachment_id=332\" data-orig-file=\"https:\/\/i0.wp.com\/juristenbibliothek-leipzig.de\/wp-content\/uploads\/2026\/01\/DSC04940-scaled.jpg?fit=2560%2C1707&amp;ssl=1\" data-orig-size=\"2560,1707\" data-comments-opened=\"0\" data-image-meta=\"{&quot;aperture&quot;:&quot;4&quot;,&quot;credit&quot;:&quot;&quot;,&quot;camera&quot;:&quot;ILCE-7M4&quot;,&quot;caption&quot;:&quot;&quot;,&quot;created_timestamp&quot;:&quot;1752574942&quot;,&quot;copyright&quot;:&quot;&quot;,&quot;focal_length&quot;:&quot;28&quot;,&quot;iso&quot;:&quot;6400&quot;,&quot;shutter_speed&quot;:&quot;0.00625&quot;,&quot;title&quot;:&quot;&quot;,&quot;orientation&quot;:&quot;1&quot;}\" data-image-title=\"DSC04940\" data-image-description=\"\" data-image-caption=\"\" data-medium-file=\"https:\/\/i0.wp.com\/juristenbibliothek-leipzig.de\/wp-content\/uploads\/2026\/01\/DSC04940-scaled.jpg?fit=300%2C200&amp;ssl=1\" data-large-file=\"https:\/\/i0.wp.com\/juristenbibliothek-leipzig.de\/wp-content\/uploads\/2026\/01\/DSC04940-scaled.jpg?fit=900%2C600&amp;ssl=1\" data-id=\"332\" src=\"https:\/\/i0.wp.com\/juristenbibliothek-leipzig.de\/wp-content\/uploads\/2026\/01\/DSC04940-scaled.jpg?resize=900%2C600&#038;ssl=1\" alt=\"\" class=\"wp-image-332\" srcset=\"https:\/\/i0.wp.com\/juristenbibliothek-leipzig.de\/wp-content\/uploads\/2026\/01\/DSC04940-scaled.jpg?w=2560&amp;ssl=1 2560w, https:\/\/i0.wp.com\/juristenbibliothek-leipzig.de\/wp-content\/uploads\/2026\/01\/DSC04940-scaled.jpg?resize=300%2C200&amp;ssl=1 300w, https:\/\/i0.wp.com\/juristenbibliothek-leipzig.de\/wp-content\/uploads\/2026\/01\/DSC04940-scaled.jpg?resize=1024%2C683&amp;ssl=1 1024w, https:\/\/i0.wp.com\/juristenbibliothek-leipzig.de\/wp-content\/uploads\/2026\/01\/DSC04940-scaled.jpg?resize=768%2C512&amp;ssl=1 768w, https:\/\/i0.wp.com\/juristenbibliothek-leipzig.de\/wp-content\/uploads\/2026\/01\/DSC04940-scaled.jpg?resize=1536%2C1024&amp;ssl=1 1536w, https:\/\/i0.wp.com\/juristenbibliothek-leipzig.de\/wp-content\/uploads\/2026\/01\/DSC04940-scaled.jpg?w=1800&amp;ssl=1 1800w\" sizes=\"auto, (max-width: 900px) 100vw, 900px\" data-recalc-dims=\"1\" \/><\/a><figcaption>Frau Brandenburger (l.) im Gespr\u00e4ch mit Georg Julius H\u00fcbler (m.) und Vincent Laskow (r.)<\/figcaption><\/figure>\n<\/figure>\n\n\n\n<p>Der Vorstand des F\u00f6rdervereins \u00fcbergibt Frau Brandenburger in der Bibliothek Rechtswissenschaft 1 und 2 insgesamt f\u00fcnf Stahlspinde im Wert von 5.369,88 Euro, die mit Mitteln des Vereins finanziert werden konnten.<\/p>\n\n\n\n<p>Die neu angeschafften Stahlspinde leisten einen wichtigen Beitrag zur Verbesserung der Lernbedingungen in der Bibliothek Rechtswissenschaft 1 und 2. Sie erm\u00f6glichen es Studierenden, ihre Unterlagen und Gesetzestexte sicher zu verwahren und w\u00e4hrend l\u00e4ngerer Lernphasen vor Ort zu belassen. Aufgrund der hohen Auslastung der Bibliothek reichten die bisherigen Aufbewahrungskapazit\u00e4ten nicht mehr aus. Die Anschaffung der zus\u00e4tzlichen Spinde war daher eine sinnvolle und notwendige Ma\u00dfnahme, um dem steigenden Bedarf gerecht zu werden.<\/p>\n\n\n\n<h2 class=\"wp-block-heading\">Mittelverwendung im Jahr 2024<\/h2>\n\n\n\n<p>Unterst\u00fctzung der Bibliothek Rechtswissenschaften durch die Finanzierung des Erwerbs von Literatur im Umfang von 4.048 Euro. <\/p>\n\n\n\n<h2 class=\"wp-block-heading\">Mittelverwendung im Jahr 2023<\/h2>\n\n\n\n<p>Unterst\u00fctzung der Bibliothek Rechtswissenschaften durch die Finanzierung des Erwerbs von Literatur im Umfang von 7.441,36 Euro. <\/p>\n\n\n\n<h2 class=\"wp-block-heading\">Mittelverwendung im Jahr 2022<\/h2>\n\n\n\n<p>Unterst\u00fctzung der Bibliothek Rechtswissenschaften durch die Finanzierung des Erwerbs von Literatur im Umfang von 5.203,22 Euro. <\/p>\n","protected":false},"excerpt":{"rendered":"<p>Mittelverwendung im Jahr 2025 Der Vorstand des F\u00f6rdervereins \u00fcbergibt Frau Brandenburger in der Bibliothek Rechtswissenschaft 1 und 2 insgesamt f\u00fcnf Stahlspinde im Wert von 5.369,88 Euro, die mit Mitteln des Vereins finanziert werden konnten. Die neu angeschafften Stahlspinde leisten einen wichtigen Beitrag zur Verbesserung der Lernbedingungen in der Bibliothek Rechtswissenschaft&#8230;<\/p>\n<p> <a class=\"continue-reading-link\" href=\"https:\/\/juristenbibliothek-leipzig.de\/?page_id=325\"><span>Continue reading<\/span><i class=\"crycon-right-dir\"><\/i><\/a> <\/p>\n","protected":false},"author":1,"featured_media":0,"parent":0,"menu_order":0,"comment_status":"closed","ping_status":"closed","template":"","meta":{"spay_email":"","footnotes":""},"class_list":["post-325","page","type-page","status-publish","hentry"],"jetpack_shortlink":"https:\/\/wp.me\/P4V34a-5f","jetpack-related-posts":[{"id":5,"url":"https:\/\/juristenbibliothek-leipzig.de\/?page_id=5","url_meta":{"origin":325,"position":0},"title":"Mitgliedschaft","date":"11. Juli 2014","format":false,"excerpt":"Warum soll ich Mitglied werden? \"... Warum soll ich Mitglied werden? Was kann ich mit dem geringen Beitrag von 11 oder 26 \u20ac schon ausrichten? Damit kann man doch noch nicht einmal ein einfaches Lehrbuch, geschweige denn einen Kommentar kaufen. Und au\u00dferdem ist die Ausstattung der Universit\u00e4tsbibliotheken doch Aufgabe der\u2026","rel":"","context":"\u00c4hnlicher Beitrag","img":{"alt_text":"","src":"","width":0,"height":0},"classes":[]},{"id":2,"url":"https:\/\/juristenbibliothek-leipzig.de\/","url_meta":{"origin":325,"position":1},"title":"Verein","date":"9. Mai 2014","format":false,"excerpt":"Wer sind wir? Der Verein zur F\u00f6rderung der Juristenbibliothek e.V. wurde 16.10.1997 auf Initiative von Studenten und Professoren gegr\u00fcndet. Er ist im Vereinsregister eingetragen und als gemeinn\u00fctzig im Sinne der Abgabenordnung anerkannt (VR 2959, AG Leipzig). Was machen wir? Das Ziel ist die F\u00f6rderung der Juristenbibliothek Leipzig und damit auch\u2026","rel":"","context":"\u00c4hnlicher Beitrag","img":{"alt_text":"","src":"","width":0,"height":0},"classes":[]},{"id":19,"url":"https:\/\/juristenbibliothek-leipzig.de\/?page_id=19","url_meta":{"origin":325,"position":2},"title":"Impressum","date":"11. Juli 2014","format":false,"excerpt":"Anschrift: Verein zur F\u00f6rderung der Juristenbibliothek Leipzig e.V. c\/o Juristenfakult\u00e4t Leipzig Burgstra\u00dfe 27 04109 Leipzig E-Mail: Vorstand@juristenbibliothek-leipzig.de Kein Zugang f\u00fcr elektronisch signierte sowie f\u00fcr verschl\u00fcsselte elektronische Dokumente. Registernummer VR 2959 Vereinsregister Leipzig Amtsgericht Leipzig Bernhard-G\u00f6ring-Str. 64 04275 Leipzig Vertretungsberechtigter Vorstand: Johann Mitzscherlich, Vorstandsvorsitzender Georg Julius H\u00fcbler, Stellvertretender Vorsitzender Robert Hies,\u2026","rel":"","context":"\u00c4hnlicher Beitrag","img":{"alt_text":"","src":"","width":0,"height":0},"classes":[]},{"id":53,"url":"https:\/\/juristenbibliothek-leipzig.de\/?page_id=53","url_meta":{"origin":325,"position":3},"title":"Kontakt","date":"12. Juli 2014","format":false,"excerpt":"Sie haben Fragen oder Anmerkungen? Sie m\u00f6chten Ihre Adresse oder E-Mail-Adresse \u00e4ndern? Sie m\u00f6chten uns etwas anderes bez\u00fcglich Ihrer Vereinsmitgliedschaft mitteilen? Kontaktieren Sie uns unter: vorstand@juristenbibliothek-leipzig.de \u00a0","rel":"","context":"\u00c4hnlicher Beitrag","img":{"alt_text":"","src":"","width":0,"height":0},"classes":[]},{"id":64,"url":"https:\/\/juristenbibliothek-leipzig.de\/?page_id=64","url_meta":{"origin":325,"position":4},"title":"Antrag","date":"16. Juli 2014","format":false,"excerpt":"Hier finden Sie den Mitgliedschaftsantrag. \u00a0 Aufnahmeantrag \u00a0\u00a0Satzung \u00a0Ordnung Ausgef\u00fcllt k\u00f6nnen Sie uns ihn per\u00a0Post Verein zur F\u00f6rderung der Juristenbibliothek Leipzig e.V. Juristenfakult\u00e4t Burgstr. 27 04109 Leipzig oder\u00a0Fax, (0341) 97 35 129 sowie durch unseren Briefkasten in der blauen\u00a0Infobox\u00a0im Foyer der Juristenbibliothek zukommen lassen.","rel":"","context":"\u00c4hnlicher Beitrag","img":{"alt_text":"","src":"","width":0,"height":0},"classes":[]}],"_links":{"self":[{"href":"https:\/\/juristenbibliothek-leipzig.de\/index.php?rest_route=\/wp\/v2\/pages\/325","targetHints":{"allow":["GET"]}}],"collection":[{"href":"https:\/\/juristenbibliothek-leipzig.de\/index.php?rest_route=\/wp\/v2\/pages"}],"about":[{"href":"https:\/\/juristenbibliothek-leipzig.de\/index.php?rest_route=\/wp\/v2\/types\/page"}],"author":[{"embeddable":true,"href":"https:\/\/juristenbibliothek-leipzig.de\/index.php?rest_route=\/wp\/v2\/users\/1"}],"replies":[{"embeddable":true,"href":"https:\/\/juristenbibliothek-leipzig.de\/index.php?rest_route=%2Fwp%2Fv2%2Fcomments&post=325"}],"version-history":[{"count":15,"href":"https:\/\/juristenbibliothek-leipzig.de\/index.php?rest_route=\/wp\/v2\/pages\/325\/revisions"}],"predecessor-version":[{"id":347,"href":"https:\/\/juristenbibliothek-leipzig.de\/index.php?rest_route=\/wp\/v2\/pages\/325\/revisions\/347"}],"wp:attachment":[{"href":"https:\/\/juristenbibliothek-leipzig.de\/index.php?rest_route=%2Fwp%2Fv2%2Fmedia&parent=325"}],"curies":[{"name":"wp","href":"https:\/\/api.w.org\/{rel}","templated":true}]}}